{"id":3483,"date":"2021-02-01T12:13:09","date_gmt":"2021-02-01T11:13:09","guid":{"rendered":"https:\/\/autodrom.lovetty.ovh\/offroad\/?page_id=3483"},"modified":"2021-02-02T19:20:49","modified_gmt":"2021-02-02T18:20:49","slug":"prezentacje-pojazdow","status":"publish","type":"page","link":"https:\/\/autodrom4x4.pl\/offroad\/prezentacje-pojazdow\/","title":{"rendered":"Prezentacje pojazd\u00f3w"},"content":{"rendered":"<p><\/p><div class=\"wp-block-columns is-layout-flex wp-container-core-columns-is-layout-1 wp-block-columns-is-layout-flex\"><div class=\"wp-block-column is-layout-flow wp-block-column-is-layout-flow\" style=\"flex-basis:66.66%\"><p>Poka\u017c si\u0119 z najlepszej strony. Prezentacje pojazd\u00f3w, takich jak suv, 4&#215;4, pojazd\u00f3w specjalnych i maszyn. <\/p>\n\n<p>Posiadasz pojazd, z kt\u00f3rego jeste\u015b dumny, zadowolony, jest Twoim oczkiem w g\u0142owie? Oferowane prezentacje pojazd\u00f3w to doskona\u0142a szansa dla Ciebie. <\/p>\n\n<p>Nasza platforma to idealne miejsce do zaprezentowania mo\u017cliwo\u015bci nowego modelu auta z nap\u0119dem na wszystkie ko\u0142a. <\/p>\n\n<p>Je\u017adzisz SUV-em, w gara\u017cu trzymasz prawdziw\u0105 maszyn\u0119 \u2013 pere\u0142k\u0119? Poka\u017c j\u0105 mediom i i szerokiej publiczno\u015bci w naturalnych warunkach na legalnym torze off-road. <\/p>\n\n<p>Prezentacja pojazd\u00f3w dla medi\u00f3w, kibic\u00f3w, szerokiej publiczno\u015bci.<\/p><\/div>\n\n<div class=\"wp-block-column is-layout-flow wp-block-column-is-layout-flow\" style=\"flex-basis:33.33%\"><figure class=\"wp-block-embed is-type-video is-provider-youtube wp-block-embed-youtube wp-embed-aspect-16-9 wp-has-aspect-ratio\"><div class=\"wp-block-embed__wrapper\">\n<iframe loading=\"lazy\" title=\"Auto Zwiad - VW Amarok\" width=\"500\" height=\"281\" src=\"https:\/\/www.youtube.com\/embed\/mdwU6Ykvp-0?feature=oembed\" frameborder=\"0\" allow=\"accelerometer; autoplay; clipboard-write; encrypted-media; gyroscope; picture-in-picture; web-share\" referrerpolicy=\"strict-origin-when-cross-origin\" allowfullscreen><\/iframe>\n<\/div><\/figure><\/div><\/div><div class=\"wp-block-columns is-layout-flex wp-container-core-columns-is-layout-2 wp-block-columns-is-layout-flex\"><div class=\"wp-block-column is-layout-flow wp-block-column-is-layout-flow\"><figure class=\"wp-block-image size-full is-style-default\"><img loading=\"lazy\" decoding=\"async\" width=\"280\" height=\"190\" src=\"https:\/\/autodrom.lovetty.ovh\/offroad\/wp-content\/uploads\/2021\/02\/g3-1.jpg\" alt=\"\" class=\"wp-image-3497\" srcset=\"https:\/\/autodrom4x4.pl\/offroad\/wp-content\/uploads\/2021\/02\/g3-1.jpg 280w, https:\/\/autodrom4x4.pl\/offroad\/wp-content\/uploads\/2021\/02\/g3-1-64x43.jpg 64w\" sizes=\"(max-width: 280px) 100vw, 280px\" \/><figcaption>Prezentacja pojazd\u00f3w odbywa si\u0119 na profesjonalnym torze. Na terenie naszego toru w warunkach naturalnych mo\u017cna zaprezentowa\u0107 nie tylko pojazdy z nap\u0119dem 4&#215;4, lecz tak\u017ce inne maszyny i urz\u0105dzenia. <br><br>Tor doskonale nadaje si\u0119 do dynamicznej i stycznej prezentacji urz\u0105dze\u0144 i maszyn wykorzystywanej w bran\u017cy&nbsp; energetycznej, g\u00f3rniczej, budowlanej czy rolniczej. <br><br>Tor mo\u017ce by\u0107 przystosowany i wyposa\u017cony w przeszkody, kt\u00f3re w najlepszy spos\u00f3b wyeksponuj\u0105 zalety auta czy prezentowanych maszyn specjalistycznych<\/figcaption><\/figure><\/div>\n\n<div class=\"wp-block-column is-layout-flow wp-block-column-is-layout-flow\"><figure class=\"wp-block-image size-full is-style-default\"><img loading=\"lazy\" decoding=\"async\" width=\"280\" height=\"190\" src=\"https:\/\/autodrom.lovetty.ovh\/offroad\/wp-content\/uploads\/2021\/02\/g1.jpg\" alt=\"\" class=\"wp-image-3487\" srcset=\"https:\/\/autodrom4x4.pl\/offroad\/wp-content\/uploads\/2021\/02\/g1.jpg 280w, https:\/\/autodrom4x4.pl\/offroad\/wp-content\/uploads\/2021\/02\/g1-64x43.jpg 64w\" sizes=\"(max-width: 280px) 100vw, 280px\" \/><figcaption>Na terenie Autodromu 4&#215;4 do dyspozycji Klient\u00f3w jest m.in. klimatyczna grillownia z kilkudziesi\u0119cioma miejscami siedz\u0105cymi i zapleczem sanitarnym, kt\u00f3ra stanowi nie tylko idealne zaplecze cateringowe, ale te\u017c znakomite miejsce do prezentacji, szkole\u0144 i integracji.<\/figcaption><\/figure>\n\n<div class=\"wp-block-buttons is-layout-flex wp-block-buttons-is-layout-flex\"><div class=\"wp-block-button\"><a class=\"wp-block-button__link has-background\" href=\"\/offroad\/catering\/\" style=\"background-color:#a1bf36\">Zobacz wi\u0119cej o CATERINGU<\/a><\/div><\/div><\/div>\n\n<div class=\"wp-block-column is-layout-flow wp-block-column-is-layout-flow\"><figure class=\"wp-block-image size-full is-style-default\"><img loading=\"lazy\" decoding=\"async\" width=\"280\" height=\"190\" src=\"https:\/\/autodrom.lovetty.ovh\/offroad\/wp-content\/uploads\/2021\/02\/g2.jpg\" alt=\"\" class=\"wp-image-3488\" srcset=\"https:\/\/autodrom4x4.pl\/offroad\/wp-content\/uploads\/2021\/02\/g2.jpg 280w, https:\/\/autodrom4x4.pl\/offroad\/wp-content\/uploads\/2021\/02\/g2-64x43.jpg 64w\" sizes=\"(max-width: 280px) 100vw, 280px\" \/><figcaption>Sala jest wyposa\u017cona w komplet urz\u0105dze\u0144 multimedialnych z nag\u0142o\u015bnieniem. <br><br>To wyj\u0105tkowe miejsce pozwala na prowadzenie szkole\u0144 i prezentacji dla kilkudziesi\u0119ciu os\u00f3b niezale\u017cnie od warunk\u00f3w panuj\u0105cych na zewn\u0105trz.<br><br> Centralne palenisko sprzyja integracji w niezobowi\u0105zuj\u0105cej atmosferze po zako\u0144czeniu cz\u0119\u015bci oficjalnej.<\/figcaption><\/figure><\/div><\/div><p><\/p>","protected":false},"excerpt":{"rendered":"<p>Poka\u017c si\u0119 z najlepszej strony. Prezentacje pojazd\u00f3w, takich jak suv, 4&#215;4, pojazd\u00f3w specjalnych i maszyn. Posiadasz pojazd, z kt\u00f3rego jeste\u015b dumny, zadowolony, jest Twoim oczkiem w g\u0142owie? Oferowane prezentacje pojazd\u00f3w to doskona\u0142a szansa dla Ciebie. Nasza platforma to idealne miejsce do zaprezentowania mo\u017cliwo\u015bci nowego modelu auta z nap\u0119dem na wszystkie ko\u0142a. Je\u017adzisz SUV-em, w gara\u017cu [&hellip;]<\/p>\n","protected":false},"author":2,"featured_media":0,"parent":0,"menu_order":0,"comment_status":"closed","ping_status":"closed","template":"","meta":{"footnotes":""},"class_list":["post-3483","page","type-page","status-publish","hentry"],"_links":{"self":[{"href":"https:\/\/autodrom4x4.pl\/offroad\/wp-json\/wp\/v2\/pages\/3483"}],"collection":[{"href":"https:\/\/autodrom4x4.pl\/offroad\/wp-json\/wp\/v2\/pages"}],"about":[{"href":"https:\/\/autodrom4x4.pl\/offroad\/wp-json\/wp\/v2\/types\/page"}],"author":[{"embeddable":true,"href":"https:\/\/autodrom4x4.pl\/offroad\/wp-json\/wp\/v2\/users\/2"}],"replies":[{"embeddable":true,"href":"https:\/\/autodrom4x4.pl\/offroad\/wp-json\/wp\/v2\/comments?post=3483"}],"version-history":[{"count":24,"href":"https:\/\/autodrom4x4.pl\/offroad\/wp-json\/wp\/v2\/pages\/3483\/revisions"}],"predecessor-version":[{"id":3756,"href":"https:\/\/autodrom4x4.pl\/offroad\/wp-json\/wp\/v2\/pages\/3483\/revisions\/3756"}],"wp:attachment":[{"href":"https:\/\/autodrom4x4.pl\/offroad\/wp-json\/wp\/v2\/media?parent=3483"}],"curies":[{"name":"wp","href":"https:\/\/api.w.org\/{rel}","templated":true}]}}