{"id":3514,"date":"2021-02-01T12:53:02","date_gmt":"2021-02-01T11:53:02","guid":{"rendered":"https:\/\/autodrom.lovetty.ovh\/offroad\/?page_id=3514"},"modified":"2021-02-02T19:17:15","modified_gmt":"2021-02-02T18:17:15","slug":"szkolenia-produktowe","status":"publish","type":"page","link":"https:\/\/autodrom4x4.pl\/offroad\/szkolenia-produktowe\/","title":{"rendered":"Szkolenia produktowe"},"content":{"rendered":"<div class=\"wp-block-columns is-layout-flex wp-container-core-columns-is-layout-1 wp-block-columns-is-layout-flex\"><div class=\"wp-block-column is-layout-flow wp-block-column-is-layout-flow\" style=\"flex-basis:66.66%\"><p class=\"has-medium-font-size\" id=\"u1900-2\">Wiedza i do\u015bwiadczenie<\/p>\n\n<p>Oferujemy szkolenia produktowe&nbsp; skierowane do producent\u00f3w, importer\u00f3w oraz dealer\u00f3w samochod\u00f3w u\u017cytkowych oraz pojazd\u00f3w terenowych. <\/p>\n\n<p>Dzi\u0119ki naszemu wieloletniemu do\u015bwiadczeniu oraz mo\u017cliwo\u015bciom naszego o\u015brodka mo\u017cemy zorganizowa\u0107 i przeprowadzi\u0107 ka\u017cde szkolenie produktowe z wykorzystaniem samochod\u00f3w u\u017cytkowych. <\/p>\n\n<p>Nasze Centrum Szkoleniowe&nbsp; to obecnie jedyny&nbsp; w kraju obiekt o takiej infrastrukturze&nbsp; gdzie w spos\u00f3b bezpieczny zar\u00f3wno dla u\u017cytkownik\u00f3w jak&nbsp; pojazd\u00f3w mo\u017cemy przeprowadzi\u0107 szkolenie produktowe pojazd\u00f3w u\u017cytkowych i terenowych.<\/p><\/div>\n\n<div class=\"wp-block-column is-layout-flow wp-block-column-is-layout-flow\" style=\"flex-basis:33.33%\"><figure class=\"wp-block-embed is-type-video is-provider-youtube wp-block-embed-youtube wp-embed-aspect-16-9 wp-has-aspect-ratio\"><div class=\"wp-block-embed__wrapper\">\n<iframe loading=\"lazy\" title=\"Oberaigner Offroad Days 2015\" width=\"500\" height=\"281\" src=\"https:\/\/www.youtube.com\/embed\/SO4TX-7aMds?feature=oembed\" frameborder=\"0\" allow=\"accelerometer; autoplay; clipboard-write; encrypted-media; gyroscope; picture-in-picture; web-share\" referrerpolicy=\"strict-origin-when-cross-origin\" allowfullscreen><\/iframe>\n<\/div><\/figure><\/div><\/div><div class=\"wp-block-buttons is-layout-flex wp-block-buttons-is-layout-flex\"><div class=\"wp-block-button\"><a class=\"wp-block-button__link has-black-color has-text-color has-background\" href=\"\/offroad\/szkolenia-4x4\/\" style=\"background-color:#a1bf36\">Zobacz te\u017c ofert\u0119 szkole\u0144 4&#215;4<\/a><\/div><\/div><div style=\"height:60px\" aria-hidden=\"true\" class=\"wp-block-spacer\"><\/div><div class=\"wp-block-columns is-layout-flex wp-container-core-columns-is-layout-2 wp-block-columns-is-layout-flex\"><div class=\"wp-block-column is-layout-flow wp-block-column-is-layout-flow\"><figure class=\"wp-block-image size-large is-style-default\"><img loading=\"lazy\" decoding=\"async\" width=\"286\" height=\"190\" src=\"https:\/\/autodrom.lovetty.ovh\/offroad\/wp-content\/uploads\/2021\/02\/sz1.jpg\" alt=\"\" class=\"wp-image-3515\" srcset=\"https:\/\/autodrom4x4.pl\/offroad\/wp-content\/uploads\/2021\/02\/sz1.jpg 286w, https:\/\/autodrom4x4.pl\/offroad\/wp-content\/uploads\/2021\/02\/sz1-64x43.jpg 64w\" sizes=\"(max-width: 286px) 100vw, 286px\" \/><\/figure><\/div>\n\n<div class=\"wp-block-column is-layout-flow wp-block-column-is-layout-flow\"><figure class=\"wp-block-image size-large is-style-default\"><img loading=\"lazy\" decoding=\"async\" width=\"286\" height=\"190\" src=\"https:\/\/autodrom.lovetty.ovh\/offroad\/wp-content\/uploads\/2021\/02\/sz2.jpg\" alt=\"\" class=\"wp-image-3516\" srcset=\"https:\/\/autodrom4x4.pl\/offroad\/wp-content\/uploads\/2021\/02\/sz2.jpg 286w, https:\/\/autodrom4x4.pl\/offroad\/wp-content\/uploads\/2021\/02\/sz2-64x43.jpg 64w\" sizes=\"(max-width: 286px) 100vw, 286px\" \/><\/figure><\/div>\n\n<div class=\"wp-block-column is-layout-flow wp-block-column-is-layout-flow\"><figure class=\"wp-block-image size-large is-style-default\"><img loading=\"lazy\" decoding=\"async\" width=\"287\" height=\"190\" src=\"https:\/\/autodrom.lovetty.ovh\/offroad\/wp-content\/uploads\/2021\/02\/sz5.jpg\" alt=\"\" class=\"wp-image-3517\" srcset=\"https:\/\/autodrom4x4.pl\/offroad\/wp-content\/uploads\/2021\/02\/sz5.jpg 287w, https:\/\/autodrom4x4.pl\/offroad\/wp-content\/uploads\/2021\/02\/sz5-64x42.jpg 64w\" sizes=\"(max-width: 287px) 100vw, 287px\" \/><\/figure><\/div><\/div>","protected":false},"excerpt":{"rendered":"<p>Wiedza i do\u015bwiadczenie Oferujemy szkolenia produktowe&nbsp; skierowane do producent\u00f3w, importer\u00f3w oraz dealer\u00f3w samochod\u00f3w u\u017cytkowych oraz pojazd\u00f3w terenowych. Dzi\u0119ki naszemu wieloletniemu do\u015bwiadczeniu oraz mo\u017cliwo\u015bciom naszego o\u015brodka mo\u017cemy zorganizowa\u0107 i przeprowadzi\u0107 ka\u017cde szkolenie produktowe z wykorzystaniem samochod\u00f3w u\u017cytkowych. Nasze Centrum Szkoleniowe&nbsp; to obecnie jedyny&nbsp; w kraju obiekt o takiej infrastrukturze&nbsp; gdzie w spos\u00f3b bezpieczny zar\u00f3wno dla u\u017cytkownik\u00f3w [&hellip;]<\/p>\n","protected":false},"author":2,"featured_media":0,"parent":0,"menu_order":0,"comment_status":"closed","ping_status":"closed","template":"","meta":{"footnotes":""},"class_list":["post-3514","page","type-page","status-publish","hentry"],"_links":{"self":[{"href":"https:\/\/autodrom4x4.pl\/offroad\/wp-json\/wp\/v2\/pages\/3514"}],"collection":[{"href":"https:\/\/autodrom4x4.pl\/offroad\/wp-json\/wp\/v2\/pages"}],"about":[{"href":"https:\/\/autodrom4x4.pl\/offroad\/wp-json\/wp\/v2\/types\/page"}],"author":[{"embeddable":true,"href":"https:\/\/autodrom4x4.pl\/offroad\/wp-json\/wp\/v2\/users\/2"}],"replies":[{"embeddable":true,"href":"https:\/\/autodrom4x4.pl\/offroad\/wp-json\/wp\/v2\/comments?post=3514"}],"version-history":[{"count":7,"href":"https:\/\/autodrom4x4.pl\/offroad\/wp-json\/wp\/v2\/pages\/3514\/revisions"}],"predecessor-version":[{"id":3752,"href":"https:\/\/autodrom4x4.pl\/offroad\/wp-json\/wp\/v2\/pages\/3514\/revisions\/3752"}],"wp:attachment":[{"href":"https:\/\/autodrom4x4.pl\/offroad\/wp-json\/wp\/v2\/media?parent=3514"}],"curies":[{"name":"wp","href":"https:\/\/api.w.org\/{rel}","templated":true}]}}