{"id":3562,"date":"2021-02-01T14:17:12","date_gmt":"2021-02-01T13:17:12","guid":{"rendered":"https:\/\/autodrom.lovetty.ovh\/offroad\/?page_id=3562"},"modified":"2021-02-02T19:20:04","modified_gmt":"2021-02-02T18:20:04","slug":"szkolenia-z-obslugi-wyciagarek","status":"publish","type":"page","link":"https:\/\/autodrom4x4.pl\/offroad\/szkolenia-z-obslugi-wyciagarek\/","title":{"rendered":"Szkolenia z obs\u0142ugi wyci\u0105garek"},"content":{"rendered":"<div class=\"wp-block-columns is-layout-flex wp-container-core-columns-is-layout-1 wp-block-columns-is-layout-flex\"><div class=\"wp-block-column is-layout-flow wp-block-column-is-layout-flow\" style=\"flex-basis:66.66%\"><p><strong>Program szkolenia obejmuje zagadnienia teoretyczne i praktyczne w zakresie:<\/strong><\/p>\n\n<ul class=\"wp-block-list\"><li>rodzaje wyci\u0105garek<\/li><li>budowa<\/li><li>zasada dzia\u0142ania<\/li><li>prawid\u0142owy dob\u00f3r wyci\u0105garki do naszego pojazdu<\/li><li>w\u0142a\u015bciwy monta\u017c<\/li><li>zasady bezpiecze\u0144stwa<\/li><li>wsp\u00f3\u0142praca za\u0142ogi w zakresie obs\u0142ugi wyci\u0105garki<\/li><li>zagro\u017cenia wynikaj\u0105ce z niew\u0142a\u015bciwej obs\u0142ugi<\/li><li>efektywne pos\u0142ugiwanie si\u0119 wyci\u0105gark\u0105<\/li><li>techniki wyci\u0105gania<\/li><li>akcesoria dodatkowe<\/li><\/ul><\/div>\n\n<div class=\"wp-block-column is-layout-flow wp-block-column-is-layout-flow\" style=\"flex-basis:33.33%\"><figure class=\"wp-block-image size-large is-style-default\"><img loading=\"lazy\" decoding=\"async\" width=\"678\" height=\"381\" src=\"https:\/\/autodrom.lovetty.ovh\/offroad\/wp-content\/uploads\/2021\/02\/wyciagarki-szkolenie.jpg\" alt=\"\" class=\"wp-image-3634\" srcset=\"https:\/\/autodrom4x4.pl\/offroad\/wp-content\/uploads\/2021\/02\/wyciagarki-szkolenie.jpg 678w, https:\/\/autodrom4x4.pl\/offroad\/wp-content\/uploads\/2021\/02\/wyciagarki-szkolenie-300x169.jpg 300w, https:\/\/autodrom4x4.pl\/offroad\/wp-content\/uploads\/2021\/02\/wyciagarki-szkolenie-350x197.jpg 350w, https:\/\/autodrom4x4.pl\/offroad\/wp-content\/uploads\/2021\/02\/wyciagarki-szkolenie-64x36.jpg 64w\" sizes=\"(max-width: 678px) 100vw, 678px\" \/><\/figure>\n\n<div style=\"height:17px\" aria-hidden=\"true\" class=\"wp-block-spacer\"><\/div>\n\n<p id=\"u9783-4\">Czas szkolenia oko\u0142o 4 h. Ilo\u015b\u0107 uczestnik\u00f3w dowolna. <br>Szkolenie z wykorzystaniem sprz\u0119tu&nbsp; Autodrom4x4 lub powierzonego.<br><br>Terminy Szkole\u0144 uzgadniamy indywidualnie.<br><br>Ka\u017cdy program naszego szkolenia mo\u017ce zosta\u0107 zmodyfikowany i ukierunkowany zgodnie z sugestiami Naszych Klient\u00f3w, ich potrzebami oraz rodzajem pojazd\u00f3w.<\/p><\/div><\/div><div style=\"height:51px\" aria-hidden=\"true\" class=\"wp-block-spacer\"><\/div><div class=\"wp-block-buttons is-layout-flex wp-block-buttons-is-layout-flex\"><div class=\"wp-block-button\"><a class=\"wp-block-button__link has-background\" href=\"\/offroad\/szkolenia-indywidualne-4x4\/\" style=\"background-color:#a1bf36\">Zobacz te\u017c ofert\u0119 szkolenia dla samochod\u00f3w 4&#215;4 w terenie<\/a><\/div><\/div>","protected":false},"excerpt":{"rendered":"<p>Program szkolenia obejmuje zagadnienia teoretyczne i praktyczne w zakresie: rodzaje wyci\u0105garek budowa zasada dzia\u0142ania prawid\u0142owy dob\u00f3r wyci\u0105garki do naszego pojazdu w\u0142a\u015bciwy monta\u017c zasady bezpiecze\u0144stwa wsp\u00f3\u0142praca za\u0142ogi w zakresie obs\u0142ugi wyci\u0105garki zagro\u017cenia wynikaj\u0105ce z niew\u0142a\u015bciwej obs\u0142ugi efektywne pos\u0142ugiwanie si\u0119 wyci\u0105gark\u0105 techniki wyci\u0105gania akcesoria dodatkowe Czas szkolenia oko\u0142o 4 h. Ilo\u015b\u0107 uczestnik\u00f3w dowolna. Szkolenie z wykorzystaniem sprz\u0119tu&nbsp; [&hellip;]<\/p>\n","protected":false},"author":2,"featured_media":0,"parent":0,"menu_order":0,"comment_status":"closed","ping_status":"closed","template":"","meta":{"footnotes":""},"class_list":["post-3562","page","type-page","status-publish","hentry"],"_links":{"self":[{"href":"https:\/\/autodrom4x4.pl\/offroad\/wp-json\/wp\/v2\/pages\/3562"}],"collection":[{"href":"https:\/\/autodrom4x4.pl\/offroad\/wp-json\/wp\/v2\/pages"}],"about":[{"href":"https:\/\/autodrom4x4.pl\/offroad\/wp-json\/wp\/v2\/types\/page"}],"author":[{"embeddable":true,"href":"https:\/\/autodrom4x4.pl\/offroad\/wp-json\/wp\/v2\/users\/2"}],"replies":[{"embeddable":true,"href":"https:\/\/autodrom4x4.pl\/offroad\/wp-json\/wp\/v2\/comments?post=3562"}],"version-history":[{"count":11,"href":"https:\/\/autodrom4x4.pl\/offroad\/wp-json\/wp\/v2\/pages\/3562\/revisions"}],"predecessor-version":[{"id":3753,"href":"https:\/\/autodrom4x4.pl\/offroad\/wp-json\/wp\/v2\/pages\/3562\/revisions\/3753"}],"wp:attachment":[{"href":"https:\/\/autodrom4x4.pl\/offroad\/wp-json\/wp\/v2\/media?parent=3562"}],"curies":[{"name":"wp","href":"https:\/\/api.w.org\/{rel}","templated":true}]}}