{"id":105,"date":"2019-03-25T07:49:01","date_gmt":"2019-03-25T06:49:01","guid":{"rendered":"http:\/\/www.autodrom4x4.pl\/?post_type=product&#038;p=105"},"modified":"2024-07-08T14:21:27","modified_gmt":"2024-07-08T12:21:27","slug":"produkt-1","status":"publish","type":"product","link":"https:\/\/autodrom4x4.pl\/offroad\/produkt\/produkt-1\/","title":{"rendered":"WEEKEND  OFF-ROAD &#038; TENIS"},"content":{"rendered":"<p>Aktywny wypoczynek pod znakiem sportu \u2013 w\u00a0 pierwszym dniu off-roadowo, w drugim na korcie.<\/p>\n<ul id=\"u10741-12\" class=\"list0 nls-None\">\n<li>wyprawa Off Road\u00a0 samochodem przygotowanym do jazdy w terenie ok.2 h. Samodzielne prowadzenie pojazdu, nawigacja, korzystanie z road book.<\/li>\n<li>Na trasie na uczestnik\u00f3w czekaj\u0105 r\u00f3\u017cne przeszkody terenowe i zadania do wykonania: odnalezienie fotograficznych punkt\u00f3w kontrolnych, rozwi\u0105zywanie ukrytych zada\u0144, zdobywanie piecz\u0105tek w trudno dost\u0119pnych miejscach, konieczno\u015b\u0107 zaliczania punkt\u00f3w kontroli przejazdu .Uczestnicy samodzielnie prowadz\u0105 pojazdy i wykonuj\u0105 wszystkie czynno\u015bci zwi\u0105zane z pokonywaniem trasy.\n<p>Stopie\u0144 trudno\u015bci ro\u015bnie wraz z pokonywanym dystansem \u2013 czym dalej tym trudniej!<\/p>\n<p>Wszystkie czynno\u015bci\u00a0 wykonywane pod czujnym okiem instruktora w celu zapewnienia maksymalnego bezpiecze\u0144stwa i dawki mocnych wra\u017ce\u0144 . A wieczorem &#8230;.<\/li>\n<li>kolacja przy butelce wina<\/li>\n<li>nocleg w hotelu, \u015bniadanie<\/li>\n<li>nat\u0119pnego dnia : lekcja gry w tenisa 1h z profesjonalnym trenerem<\/li>\n<li>WA\u017bNO\u015a\u0106 ZAPROSZENIA 12 MIESI\u0118CY.<\/li>\n<\/ul>\n","protected":false},"excerpt":{"rendered":"<p>Aktywny wypoczynek pod znakiem sportu \u2013 w\u00a0 pierwszym dniu off-roadowo, w drugim na korcie. wyprawa Off Road\u00a0 samochodem przygotowanym do jazdy w terenie ok.2 h. Samodzielne prowadzenie pojazdu, nawigacja, korzystanie z road book. Na trasie na uczestnik\u00f3w czekaj\u0105 r\u00f3\u017cne przeszkody terenowe i zadania do wykonania: odnalezienie fotograficznych punkt\u00f3w kontrolnych, rozwi\u0105zywanie ukrytych zada\u0144, zdobywanie piecz\u0105tek w [&hellip;]<\/p>\n","protected":false},"featured_media":338,"comment_status":"open","ping_status":"closed","template":"","meta":[],"product_cat":[24],"product_tag":[],"class_list":{"0":"post-105","1":"product","2":"type-product","3":"status-publish","4":"has-post-thumbnail","6":"product_cat-weekendy","8":"first","9":"onbackorder","10":"taxable","11":"shipping-taxable","12":"purchasable","13":"product-type-simple"},"_links":{"self":[{"href":"https:\/\/autodrom4x4.pl\/offroad\/wp-json\/wp\/v2\/product\/105"}],"collection":[{"href":"https:\/\/autodrom4x4.pl\/offroad\/wp-json\/wp\/v2\/product"}],"about":[{"href":"https:\/\/autodrom4x4.pl\/offroad\/wp-json\/wp\/v2\/types\/product"}],"replies":[{"embeddable":true,"href":"https:\/\/autodrom4x4.pl\/offroad\/wp-json\/wp\/v2\/comments?post=105"}],"wp:featuredmedia":[{"embeddable":true,"href":"https:\/\/autodrom4x4.pl\/offroad\/wp-json\/wp\/v2\/media\/338"}],"wp:attachment":[{"href":"https:\/\/autodrom4x4.pl\/offroad\/wp-json\/wp\/v2\/media?parent=105"}],"wp:term":[{"taxonomy":"product_cat","embeddable":true,"href":"https:\/\/autodrom4x4.pl\/offroad\/wp-json\/wp\/v2\/product_cat?post=105"},{"taxonomy":"product_tag","embeddable":true,"href":"https:\/\/autodrom4x4.pl\/offroad\/wp-json\/wp\/v2\/product_tag?post=105"}],"curies":[{"name":"wp","href":"https:\/\/api.w.org\/{rel}","templated":true}]}}