{"id":3113,"date":"2020-05-12T10:59:00","date_gmt":"2020-05-12T08:59:00","guid":{"rendered":"http:\/\/www.autodrom4x4.pl\/na-prezent\/?post_type=product&#038;p=3113"},"modified":"2025-02-17T09:09:29","modified_gmt":"2025-02-17T08:09:29","slug":"3113","status":"publish","type":"product","link":"https:\/\/autodrom4x4.pl\/offroad\/produkt\/3113\/","title":{"rendered":"Road Book Turystyczny 92 km.Trasa dla zuchwa\u0142ych."},"content":{"rendered":"<p>Road Book turystyczny 92 km, czas potrzebny do pokonania trasy oko\u0142o 6 h.<\/p>\n<p><a href=\"http:\/\/www.autodrom4x4.pl\/na-prezent\/wp-content\/uploads\/2020\/05\/Zrzut-ekranu-2020-05-12-o-10.57.48.png\"><img loading=\"lazy\" decoding=\"async\" class=\"alignnone size-medium wp-image-3117\" src=\"http:\/\/www.autodrom4x4.pl\/na-prezent\/wp-content\/uploads\/2020\/05\/Zrzut-ekranu-2020-05-12-o-10.57.48-219x300.png\" alt=\"\" width=\"219\" height=\"300\" srcset=\"https:\/\/autodrom4x4.pl\/offroad\/wp-content\/uploads\/2020\/05\/Zrzut-ekranu-2020-05-12-o-10.57.48-219x300.png 219w, https:\/\/autodrom4x4.pl\/offroad\/wp-content\/uploads\/2020\/05\/Zrzut-ekranu-2020-05-12-o-10.57.48-350x480.png 350w, https:\/\/autodrom4x4.pl\/offroad\/wp-content\/uploads\/2020\/05\/Zrzut-ekranu-2020-05-12-o-10.57.48-64x88.png 64w, https:\/\/autodrom4x4.pl\/offroad\/wp-content\/uploads\/2020\/05\/Zrzut-ekranu-2020-05-12-o-10.57.48.png 607w\" sizes=\"(max-width: 219px) 100vw, 219px\" \/><\/a><\/p>\n<p>Na trasie zadania \u00a0do wykonania + \u00a0foto safari. Stopie\u0144 trudno\u015bci : ka\u017cdy samoch\u00f3d z nap\u0119dem 4&#215;4, tak\u017ce suv.<\/p>\n<p>Do jego przejechanie konieczny jest metromierz lub aplikacja w telefonie odmierzaj\u0105ca odleg\u0142o\u015b\u0107.<\/p>\n<p>Rozpocz\u0119cie i zako\u0144czenie trasy z otwartych parking\u00f3w toru, dost\u0119pnych \u00a024\/7.<\/p>\n<p><strong>Road Book wysy\u0142amy wy\u0142\u0105cznie w wersji papierowej, wydrukowanej,<\/strong> wraz z mi\u0142ym upominkiem.<\/p>\n<p>Nie wysy\u0142amy road book\u00f3w w formie PDF.<\/p>\n<p>Koszt wys\u0142ania road booka \u00a0to kwota 13,90- kurier DPD, prosz\u0119 o dodanie tej kwoty do ceny road booka podczas dokonywania p\u0142atno\u015bci.<\/p>\n<p>W formularzu zakupu prosimy o podanie adresu pocztowego na kt\u00f3ry mamy \u00a0wys\u0142a\u0107 road book. W rubryce &#8222;dane osoby obdarowanej&#8221; prosz\u0119 wpisa\u0107 \u00a0imi\u0119 i nazwisko osoby kupuj\u0105cej .<\/p>\n<p>Uwaga : ok\u0142adka jak i strona road booka w opisie przedstawiaj\u0105 przypadkowy lub pogl\u0105dowy przebieg trasy.Po zako\u0144czeniu trasy mo\u017cliwo\u015b\u0107 skorzystania z toru Autodrom 4&#215;4 \u00ae za 1\/2 ceny- \u00a0wy\u0142\u0105cznie po wcze\u015bniejszym um\u00f3wieniu i dost\u0119pno\u015bci toru w danym dniu . Mail: \u00a0romanwasik@autodrom4x4.pl \u00a0tel.500595660<\/p>\n<p>&nbsp;<\/p>\n<p>&nbsp;<\/p>\n","protected":false},"excerpt":{"rendered":"<p>Road Book turystyczny 92 km, czas potrzebny do pokonania trasy oko\u0142o 6 h. Na trasie zadania \u00a0do wykonania + \u00a0foto safari. Stopie\u0144 trudno\u015bci : ka\u017cdy samoch\u00f3d z nap\u0119dem 4&#215;4, tak\u017ce suv. Do jego przejechanie konieczny jest metromierz lub aplikacja w telefonie odmierzaj\u0105ca odleg\u0142o\u015b\u0107. Rozpocz\u0119cie i zako\u0144czenie trasy z otwartych parking\u00f3w toru, dost\u0119pnych \u00a024\/7. Road Book [&hellip;]<\/p>\n","protected":false},"featured_media":3121,"comment_status":"closed","ping_status":"closed","template":"","meta":[],"product_cat":[34],"product_tag":[],"class_list":{"0":"post-3113","1":"product","2":"type-product","3":"status-publish","4":"has-post-thumbnail","6":"product_cat-road-book","8":"first","9":"outofstock","10":"sale","11":"shipping-taxable","12":"purchasable","13":"product-type-simple"},"_links":{"self":[{"href":"https:\/\/autodrom4x4.pl\/offroad\/wp-json\/wp\/v2\/product\/3113"}],"collection":[{"href":"https:\/\/autodrom4x4.pl\/offroad\/wp-json\/wp\/v2\/product"}],"about":[{"href":"https:\/\/autodrom4x4.pl\/offroad\/wp-json\/wp\/v2\/types\/product"}],"replies":[{"embeddable":true,"href":"https:\/\/autodrom4x4.pl\/offroad\/wp-json\/wp\/v2\/comments?post=3113"}],"wp:featuredmedia":[{"embeddable":true,"href":"https:\/\/autodrom4x4.pl\/offroad\/wp-json\/wp\/v2\/media\/3121"}],"wp:attachment":[{"href":"https:\/\/autodrom4x4.pl\/offroad\/wp-json\/wp\/v2\/media?parent=3113"}],"wp:term":[{"taxonomy":"product_cat","embeddable":true,"href":"https:\/\/autodrom4x4.pl\/offroad\/wp-json\/wp\/v2\/product_cat?post=3113"},{"taxonomy":"product_tag","embeddable":true,"href":"https:\/\/autodrom4x4.pl\/offroad\/wp-json\/wp\/v2\/product_tag?post=3113"}],"curies":[{"name":"wp","href":"https:\/\/api.w.org\/{rel}","templated":true}]}}