{"id":3167,"date":"2020-06-19T12:12:18","date_gmt":"2020-06-19T10:12:18","guid":{"rendered":"http:\/\/www.autodrom4x4.pl\/na-prezent\/?post_type=product&#038;p=3167"},"modified":"2025-02-17T09:08:50","modified_gmt":"2025-02-17T08:08:50","slug":"road-book-62-km-autodrom4x4-auttodrom4x4","status":"publish","type":"product","link":"https:\/\/autodrom4x4.pl\/offroad\/produkt\/road-book-62-km-autodrom4x4-auttodrom4x4\/","title":{"rendered":"Road book 62 km Autodrom4x4-Autodrom4x4. Wiosenne bezdro\u017ca ."},"content":{"rendered":"<p>Zapraszamy do skorzystania z kolejnej trasy w\/g road booka . Start i meta tor Autodrom4x4\u00ae- z otwartych parking\u00f3w toru dost\u0119pnych 24\/7.<\/p>\n<p>Tradycyjnie road book ze dodatkowymi zadaniami na trasie. Jedyny road book z piecz\u0105tkami w \u017cwirowni poza torem Autodrom 4&#215;4!<\/p>\n<p>Trasa do\u015b\u0107 trudna. Szosa 10%, szutry, drogi polne 80%, trudny teren 10%.<\/p>\n<p>Do jego przejechanie konieczny jest metromierz lub aplikacja w telefonie odmierzaj\u0105ca odleg\u0142o\u015b\u0107.<\/p>\n<p>Road Book wysy\u0142amy wy\u0142\u0105cznie w wersji papierowej, wydrukowanej, wraz z mi\u0142ym upominkiem. Nie wysy\u0142amy road book\u00f3w w wersji PDF.<\/p>\n<p>W formularzu zakupu prosimy o podanie adresu pocztowego na kt\u00f3ry mamy \u00a0wys\u0142a\u0107 road book, w rubryce &#8222;dane osoby obdarowanej&#8221; prosz\u0119 wpisa\u0107 \u00a0imi\u0119 i nazwisko osoby kupuj\u0105cej .<\/p>\n<p>Nie wysy\u0142amy road book\u00f3w w formie PDF.<\/p>\n<p>Uwaga : ok\u0142adka jak i strona road booka w opisie przedstawiaj\u0105 przypadkowy lub pogl\u0105dowy przebieg trasy.<\/p>\n","protected":false},"excerpt":{"rendered":"<p>Zapraszamy do skorzystania z kolejnej trasy w\/g road booka . Start i meta tor Autodrom4x4\u00ae- z otwartych parking\u00f3w toru dost\u0119pnych 24\/7. Tradycyjnie road book ze dodatkowymi zadaniami na trasie. Jedyny road book z piecz\u0105tkami w \u017cwirowni poza torem Autodrom 4&#215;4! Trasa do\u015b\u0107 trudna. Szosa 10%, szutry, drogi polne 80%, trudny teren 10%. Do jego przejechanie [&hellip;]<\/p>\n","protected":false},"featured_media":3168,"comment_status":"closed","ping_status":"closed","template":"","meta":[],"product_cat":[34],"product_tag":[],"class_list":{"0":"post-3167","1":"product","2":"type-product","3":"status-publish","4":"has-post-thumbnail","6":"product_cat-road-book","8":"first","9":"outofstock","10":"sale","11":"shipping-taxable","12":"purchasable","13":"product-type-simple"},"_links":{"self":[{"href":"https:\/\/autodrom4x4.pl\/offroad\/wp-json\/wp\/v2\/product\/3167"}],"collection":[{"href":"https:\/\/autodrom4x4.pl\/offroad\/wp-json\/wp\/v2\/product"}],"about":[{"href":"https:\/\/autodrom4x4.pl\/offroad\/wp-json\/wp\/v2\/types\/product"}],"replies":[{"embeddable":true,"href":"https:\/\/autodrom4x4.pl\/offroad\/wp-json\/wp\/v2\/comments?post=3167"}],"wp:featuredmedia":[{"embeddable":true,"href":"https:\/\/autodrom4x4.pl\/offroad\/wp-json\/wp\/v2\/media\/3168"}],"wp:attachment":[{"href":"https:\/\/autodrom4x4.pl\/offroad\/wp-json\/wp\/v2\/media?parent=3167"}],"wp:term":[{"taxonomy":"product_cat","embeddable":true,"href":"https:\/\/autodrom4x4.pl\/offroad\/wp-json\/wp\/v2\/product_cat?post=3167"},{"taxonomy":"product_tag","embeddable":true,"href":"https:\/\/autodrom4x4.pl\/offroad\/wp-json\/wp\/v2\/product_tag?post=3167"}],"curies":[{"name":"wp","href":"https:\/\/api.w.org\/{rel}","templated":true}]}}